 digit of 477858496?
4
What is the thousands digit of 94631814?
1
What is the hundreds digit of 1926766201?
2
What is the tens digit of 234896942?
4
What is the ten thousands digit of 9938583?
3
What is the hundred thousands digit of 1125889552?
8
What is the units digit of 349589573?
3
What is the ten millions digit of 157867489?
5
What is the hundreds digit of 90181839?
8
What is the thousands digit of 557869609?
9
What is the millions digit of 500533636?
0
What is the ten thousands digit of 49882591?
8
What is the millions digit of 282775660?
2
What is the hundreds digit of 226758994?
9
What is the ten millions digit of 373138010?
7
What is the hundred thousands digit of 294804653?
8
What is the millions digit of 383976840?
3
What is the millions digit of 3564715583?
4
What is the units digit of 4773226318?
8
What is the ten thousands digit of 106209979?
0
What is the tens digit of 22318188?
8
What is the hundred thousands digit of 3086827290?
8
What is the thousands digit of 49362625?
2
What is the ten thousands digit of 19578497?
7
What is the thousands digit of 63055608?
5
What is the units digit of 56923923?
3
What is the units digit of 2070457769?
9
What is the millions digit of 105457621?
5
What is the tens digit of 412974223?
2
What is the hundred millions digit of 320900417?
3
What is the thousands digit of 1230136165?
6
What is the ten millions digit of 86972534?
8
What is the hundred thousands digit of 495534250?
5
What is the units digit of 123013223?
3
What is the ten millions digit of 13970819?
1
What is the tens digit of 53523336?
3
What is the units digit of 305913293?
3
What is the hundred thousands digit of 56588940?
5
What is the hundreds digit of 5374038187?
1
What is the thousands digit of 16421013?
1
What is the hundred millions digit of 1050717707?
0
What is the hundred millions digit of 126497708?
1
What is the tens digit of 4757273817?
1
What is the ten thousands digit of 4646482130?
8
What is the ten thousands digit of 160852197?
5
What is the hundreds digit of 274322976?
9
What is the billions digit of 6477049401?
6
What is the ten millions digit of 1088579973?
8
What is the thousands digit of 36702377?
2
What is the ten millions digit of 32970818?
3
What is the hundred thousands digit of 599061952?
0
What is the thousands digit of 909309972?
9
What is the tens digit of 152124237?
3
What is the thousands digit of 5356399878?
9
What is the tens digit of 58909945?
4
What is the thousands digit of 3087845830?
5
What is the hundreds digit of 110189771?
7
What is the hundred thousands digit of 6664112931?
1
What is the ten millions digit of 119642024?
1
What is the hundred millions digit of 225684802?
2
What is the hundred thousands digit of 133475403?
4
What is the ten millions digit of 10649033?
1
What is the hundreds digit of 5701462690?
6
What is the hundred thousands digit of 108407206?
4
What is the units digit of 628331722?
2
What is the units digit of 16440128?
8
What is the hundred thousands digit of 441484249?
4
What is the hundreds digit of 76119835?
8
What is the ten thousands digit of 677298807?
9
What is the hundreds digit of 719610854?
8
What is the hundred millions digit of 304494894?
3
What is the millions digit of 29047812?
9
What is the thousands digit of 390933338?
3
What is the ten millions digit of 52795610?
5
What is the thousands digit of 72303627?
3
What is the hundred thousands digit of 1263340804?
3
What is the hundreds digit of 121230922?
9
What is the hundred millions digit of 449183909?
4
What is the units digit of 28261936?
6
What is the hundreds digit of 3321580971?
9
What is the ten thousands digit of 50618938?
1
What is the ten thousands digit of 2021161899?
6
What is the units digit of 47163831?
1
What is the hundred millions digit of 907087382?
9
What is the ten thousands digit of 227699258?
9
What is the hundreds digit of 15225424?
4
What is the ten thousands digit of 145241741?
4
What is the hundreds digit of 255707948?
9
What is the thousands digit of 539822875?
2
What is the ten thousands digit of 355457828?
5
What is the ten millions digit of 58661930?
5
What is the hundred millions digit of 6923437035?
9
What is the tens digit of 67643958?
5
What is the hundred millions digit of 940763798?
9
What is the hundred thousands digit of 56364301?
3
What is the hundreds digit of 1063397804?
8
What is the units digit of 38592575?
5
What is the hundreds digit of 1915551967?
9
What is the hundred thousands digit of 16957357?
9
What is the millions digit of 36363984?
6
What is the units digit of 44036893?
3
What is the ten millions digit of 851742498?
5
What is the millions digit of 494588894?
4
What is the thousands digit of 319265447?
5
What is the ten thousands digit of 81593310?
9
What is the millions digit of 2840121271?
0
What is the hundred thousands digit of 361899295?
8
What is the tens digit of 1035381855?
5
What is the hundreds digit of 155409749?
7
What is the thousands digit of 71455404?
5
What is the hundreds digit of 1314847411?
4
What is the ten millions digit of 83343460?
8
What is the hundreds digit of 2511098993?
9
What is the tens digit of 161975749?
4
What is the tens digit of 2743942285?
8
What is the ten millions digit of 6330625272?
3
What is the ten millions digit of 12795341?
1
What is the billions digit of 1392006765?
1
What is the millions digit of 1995814772?
5
What is the units digit of 942149060?
0
What is the billions digit of 1001671983?
1
What is the ten thousands digit of 116645327?
4
What is the hundred thousands digit of 57179770?
1
What is the millions digit of 2104071423?
4
What is the thousands digit of 87254914?
4
What is the hundreds digit of 21774240?
2
What is the thousands digit of 1661626376?
6
What is the units digit of 62160138?
8
What is the hundred thousands digit of 109325465?
3
What is the hundred thousands digit of 4045286006?
2
What is the hundreds digit of 1168898976?
9
What is the billions digit of 1362756931?
1
What is the units digit of 491390453?
3
What is the hundred thousands digit of 28417229?
4
What is the tens digit of 8482667?
6
What is the billions digit of 1241886898?
1
What is the units digit of 4084461?
1
What is the tens digit of 9433337023?
2
What is the hundreds digit of 1299782586?
5
What is the ten millions digit of 551999156?
5
What is the ten millions digit of 21091705?
2
What is the tens digit of 31037334?
3
What is the ten thousands digit of 344103878?
0
What is the thousands digit of 177401640?
1
What is the ten thousands digit of 6184144?
8
What is the hundred thousands digit of 3470688?
4
What is the thousands digit of 68319415?
9
What is the millions digit of 63466417?
3
What is the units digit of 2000578804?
4
What is the hundred millions digit of 320220577?
3
What is the millions digit of 3725064018?
5
What is the hundred thousands digit of 192932133?
9
What is the thousands digit of 94295642?
5
What is the units digit of 65302707?
7
What is the hundreds digit of 346533125?
1
What is the units digit of 118562258?
8
What is the ten millions digit of 152715083?
5
What is the hundreds digit of 383239944?
9
What is the tens digit of 225395490?
9
What is the tens digit of 5348869413?
1
What is the ten millions digit of 14286955?
1
What is the thousands digit of 157321044?
1
What is the millions digit of 278576596?
8
What is the hundred thousands digit of 740368371?
3
What is the millions digit of 218271166?
8
What is the hundred millions digit of 1364964875?
3
What is the tens digit of 98180233?
3
What is the thousands digit of 1764051329?
1
What is the hundred thousands digit of 1594062266?
0
What is the units digit of 22225978?
8
What is the thousands digit of 44688742?
8
What is the units digit of 656037798?
8
What is the ten millions digit of 519896010?
1
What is the units digit of 2177465220?
0
What is the hundred millions digit of 282970640?
2
What is the ten thousands digit of 4524018233?
1
What is the tens digit of 222964353?
5
What is the tens digit of 281436776?
7
What is the thousands digit of 13764117?
4
What is the ten thousands digit of 33802716?
0
What is the ten millions digit of 105387048?
0
What is the billions digit of 2475563353?
2
What is the ten thousands digit of 68250873?
5
What is th